{"id":104,"date":"2016-04-14T08:43:38","date_gmt":"2016-04-14T08:43:38","guid":{"rendered":"http:\/\/nymansel.nypabbutiken.se\/?post_type=product&#038;p=104"},"modified":"2016-04-14T08:43:38","modified_gmt":"2016-04-14T08:43:38","slug":"vinterjacka-pilotmodell-marinbla","status":"publish","type":"product","link":"https:\/\/nymansel.nypabbutiken.se\/?product=vinterjacka-pilotmodell-marinbla","title":{"rendered":"Vinterjacka pilotmodell Marinbl\u00e5"},"content":{"rendered":"<h2>Funktionalitet<\/h2>\n<h3>Tyg<\/h3>\n<p>70% polyester, 30% bomull, twill, vattenavvisande finish, 230g\/m\u00b2<\/p>\n<h3>Foder<\/h3>\n<p>Pil\u00e9foder, Quiltfoder i \u00e4rm<\/p>\n<h3>Funktionalitet<\/h3>\n<p>Vatten- och smutsavvisande ytatyg, Varmfodrad<\/p>\n<h3>Detaljer<\/h3>\n<p>Metalltryckknappar<\/p>\n<h3>Frontst\u00e4ngning<\/h3>\n<p>Kraftigt env\u00e4gsblixtl\u00e5s i plast<\/p>\n<h3>Fickor<\/h3>\n<p>Br\u00f6stfickor med blixtl\u00e5s och D-ring<br \/>\nSidfickor<br \/>\nTelefonficka<br \/>\n\u00c4rmficka med blixtl\u00e5s<\/p>\n<h3>Avslut<\/h3>\n<p>Ribbstickad mudd i midja<br \/>\nStickad mudd i \u00e4rmavslut<\/p>\n","protected":false},"excerpt":{"rendered":"<p>Funktionalitet Tyg 70% polyester, 30% bomull, twill, vattenavvisande finish, 230g\/m\u00b2 Foder Pil\u00e9foder, Quiltfoder i \u00e4rm Funktionalitet Vatten- och smutsavvisande ytatyg, Varmfodrad Detaljer Metalltryckknappar Frontst\u00e4ngning Kraftigt env\u00e4gsblixtl\u00e5s i plast Fickor Br\u00f6stfickor med blixtl\u00e5s och D-ring Sidfickor Telefonficka \u00c4rmficka med blixtl\u00e5s Avslut Ribbstickad mudd i midja Stickad mudd i \u00e4rmavslut<\/p>\n","protected":false},"featured_media":105,"comment_status":"open","ping_status":"closed","template":"","meta":[],"product_cat":[9],"product_tag":[],"class_list":{"0":"post-104","1":"product","2":"type-product","3":"status-publish","4":"has-post-thumbnail","6":"product_cat-jackor","8":"first","9":"instock","10":"shipping-taxable","11":"purchasable","12":"product-type-variable"},"_links":{"self":[{"href":"https:\/\/nymansel.nypabbutiken.se\/index.php?rest_route=\/wp\/v2\/product\/104","targetHints":{"allow":["GET"]}}],"collection":[{"href":"https:\/\/nymansel.nypabbutiken.se\/index.php?rest_route=\/wp\/v2\/product"}],"about":[{"href":"https:\/\/nymansel.nypabbutiken.se\/index.php?rest_route=\/wp\/v2\/types\/product"}],"replies":[{"embeddable":true,"href":"https:\/\/nymansel.nypabbutiken.se\/index.php?rest_route=%2Fwp%2Fv2%2Fcomments&post=104"}],"wp:featuredmedia":[{"embeddable":true,"href":"https:\/\/nymansel.nypabbutiken.se\/index.php?rest_route=\/wp\/v2\/media\/105"}],"wp:attachment":[{"href":"https:\/\/nymansel.nypabbutiken.se\/index.php?rest_route=%2Fwp%2Fv2%2Fmedia&parent=104"}],"wp:term":[{"taxonomy":"product_cat","embeddable":true,"href":"https:\/\/nymansel.nypabbutiken.se\/index.php?rest_route=%2Fwp%2Fv2%2Fproduct_cat&post=104"},{"taxonomy":"product_tag","embeddable":true,"href":"https:\/\/nymansel.nypabbutiken.se\/index.php?rest_route=%2Fwp%2Fv2%2Fproduct_tag&post=104"}],"curies":[{"name":"wp","href":"https:\/\/api.w.org\/{rel}","templated":true}]}}